
2
What is the thousands digit of 497706?
7
What is the tens digit of 128267?
6
What is the ten thousands digit of 4686894?
8
What is the millions digit of 12894574?
2
What is the thousands digit of 11811979?
1
What is the millions digit of 8156874?
8
What is the units digit of 3342131?
1
What is the hundred thousands digit of 3291350?
2
What is the units digit of 146060?
0
What is the hundreds digit of 54453?
4
What is the hundreds digit of 13346036?
0
What is the tens digit of 132851?
5
What is the hundred thousands digit of 462397?
4
What is the thousands digit of 362876?
2
What is the ten thousands digit of 4048189?
4
What is the thousands digit of 1160002?
0
What is the hundreds digit of 2892386?
3
What is the hundred thousands digit of 3178143?
1
What is the units digit of 1459024?
4
What is the tens digit of 3382050?
5
What is the millions digit of 1383468?
1
What is the ten thousands digit of 3185502?
8
What is the hundreds digit of 271326?
3
What is the tens digit of 36922?
2
What is the millions digit of 8196884?
8
What is the thousands digit of 29373?
9
What is the hundred thousands digit of 222753?
2
What is the hundred thousands digit of 2838026?
8
What is the hundred thousands digit of 177231?
1
What is the units digit of 22631?
1
What is the tens digit of 3292744?
4
What is the millions digit of 3066904?
3
What is the hundred thousands digit of 445844?
4
What is the units digit of 822040?
0
What is the thousands digit of 5360251?
0
What is the units digit of 248459?
9
What is the ten thousands digit of 319244?
1
What is the thousands digit of 3801516?
1
What is the hundred thousands digit of 3559283?
5
What is the hundreds digit of 8333233?
2
What is the hundreds digit of 165300?
3
What is the ten thousands digit of 232812?
3
What is the millions digit of 12674652?
2
What is the tens digit of 189758?
5
What is the ten thousands digit of 176763?
7
What is the ten thousands digit of 23200?
2
What is the hundreds digit of 3720059?
0
What is the ten millions digit of 38197117?
3
What is the units digit of 6106697?
7
What is the hundreds digit of 5101051?
0
What is the units digit of 31876498?
8
What is the hundreds digit of 655329?
3
What is the tens digit of 188040?
4
What is the units digit of 242449?
9
What is the hundred thousands digit of 2818087?
8
What is the hundreds digit of 25114676?
6
What is the units digit of 135163?
3
What is the hundreds digit of 1729485?
4
What is the thousands digit of 365924?
5
What is the hundred thousands digit of 181211?
1
What is the hundreds digit of 25760?
7
What is the ten millions digit of 35751831?
3
What is the hundred thousands digit of 658085?
6
What is the thousands digit of 1069916?
9
What is the hundred thousands digit of 18836878?
8
What is the tens digit of 129819?
1
What is the tens digit of 307917?
1
What is the units digit of 7569172?
2
What is the tens digit of 178682?
8
What is the hundred thousands digit of 515056?
5
What is the units digit of 199384?
4
What is the thousands digit of 822868?
2
What is the tens digit of 795397?
9
What is the tens digit of 61899?
9
What is the units digit of 347872?
2
What is the thousands digit of 99429?
9
What is the ten thousands digit of 86584?
8
What is the hundred thousands digit of 675682?
6
What is the ten thousands digit of 1868437?
6
What is the hundreds digit of 18806677?
6
What is the tens digit of 8544245?
4
What is the tens digit of 199643?
4
What is the units digit of 8041184?
4
What is the millions digit of 40329007?
0
What is the ten thousands digit of 87000?
8
What is the millions digit of 35209083?
5
What is the units digit of 1287759?
9
What is the tens digit of 61229?
2
What is the thousands digit of 2976074?
6
What is the hundreds digit of 4006426?
4
What is the units digit of 46703?
3
What is the hundreds digit of 3952006?
0
What is the ten thousands digit of 60137?
6
What is the ten millions digit of 19361344?
1
What is the tens digit of 4451502?
0
What is the tens digit of 426181?
8
What is the tens digit of 2619749?
4
What is the units digit of 265158?
8
What is the units digit of 271966?
6
What is the thousands digit of 387908?
7
What is the ten thousands digit of 35557775?
5
What is the millions digit of 25078429?
5
What is the hundreds digit of 244020?
0
What is the hundreds digit of 6462?
4
What is the hundred thousands digit of 116285?
1
What is the tens digit of 7335909?
0
What is the hundreds digit of 301002?
0
What is the hundred thousands digit of 438155?
4
What is the tens digit of 160284?
8
What is the tens digit of 1074592?
9
What is the units digit of 4404822?
2
What is the thousands digit of 1904334?
4
What is the units digit of 39513897?
7
What is the ten thousands digit of 2514220?
1
What is the thousands digit of 520694?
0
What is the ten millions digit of 14028531?
1
What is the units digit of 196115?
5
What is the tens digit of 300215?
1
What is the tens digit of 4227190?
9
What is the ten thousands digit of 36713?
3
What is the hundreds digit of 1899931?
9
What is the units digit of 263404?
4
What is the units digit of 1217551?
1
What is the units digit of 6301738?
8
What is the thousands digit of 733275?
3
What is the hundreds digit of 96415?
4
What is the hundreds digit of 4163322?
3
What is the thousands digit of 153361?
3
What is the hundred thousands digit of 1709220?
7
What is the units digit of 11090327?
7
What is the millions digit of 1626674?
1
What is the units digit of 7156535?
5
What is the hundreds digit of 327693?
6
What is the hundred thousands digit of 507250?
5
What is the hundred thousands digit of 149722?
1
What is the hundred thousands digit of 6694950?
6
What is the hundreds digit of 80499?
4
What is the units digit of 58365?
5
What is the ten thousands digit of 8335152?
3
What is the hundred thousands digit of 3038646?
0
What is the ten thousands digit of 148073?
4
What is the units digit of 1268?
8
What is the ten thousands digit of 798955?
9
What is the ten thousands digit of 5063267?
6
What is the hundreds digit of 77141?
1
What is the thousands digit of 154706?
4
What is the units digit of 1144281?
1
What is the tens digit of 535565?
6
What is the units digit of 12298?
8
What is the tens digit of 7343338?
3
What is the ten thousands digit of 144337?
4
What is the hundreds digit of 99894?
8
What is the thousands digit of 784625?
4
What is the thousands digit of 59136?
9
What is the hundreds digit of 16598101?
1
What is the tens digit of 467331?
3
What is the hundreds digit of 130001?
0
What is the thousands digit of 956697?
6
What is the hundred thousands digit of 5891054?
8
What is the tens digit of 218663?
6
What is the hundred thousands digit of 8385746?
3
What is the ten thousands digit of 78715?
7
What is the hundred thousands digit of 325669?
3
What is the units digit of 8443697?
7
What is the thousands digit of 5068226?
8
What is the units digit of 20751030?
0
What is the hundreds digit of 495305?
3
What is the ten millions digit of 24462525?
2
What is the tens digit of 2404685?
8
What is the units digit of 1421919?
9
What is the tens digit of 35498?
9
What is the hundred thousands digit of 4048564?
0
What is the hundreds digit of 378414?
4
What is the units digit of 5107008?
8
What is the ten thousands digit of 37629?
3
What is the hundred thousands digit of 26588102?
5
What is the thousands digit of 189612?
9
What is the hundred thousands digit of 149757?
1
What is the thousands digit of 230760?
0
What is the hundreds digit of 32121?
1
What is the thousands digit of 154298?
4
What is the tens digit of 1798033?
3
What is the units digit of 20858024?
4
What is the millions digit of 1857138?
1
What is the hundred thousands digit of 10510564?
5
What is the tens digit of 35536?
3
What is the millions digit of 1325291?
1
What is the ten thousands digit of 12664688?
6
What is the hundred thousands digit of 244217?
2
What is the units digit of 3238010?
0
What is the tens digit of 1065259?
5
What is the thousands digit of 21598?
1
What is the units digit of 130610?
0
What is the tens digit of 7055253?
5
What is the units digit of 4280467?
7
What is the ten thousands digit of 289264?
8
What is the units digit of 601429?
9
What is the thousands digit of 173622?
3
What is 